674358357?
3
What is the tens digit of 4697673145?
4
What is the millions digit of 868433344?
8
What is the millions digit of 5694279831?
4
What is the tens digit of 598941948?
4
What is the hundred millions digit of 1354147618?
3
What is the hundred millions digit of 4300552791?
3
What is the units digit of 98245377?
7
What is the hundred thousands digit of 45369019?
3
What is the hundred thousands digit of 872267701?
2
What is the ten thousands digit of 321210746?
1
What is the hundred millions digit of 1126235718?
1
What is the tens digit of 116572540?
4
What is the units digit of 195705158?
8
What is the hundred thousands digit of 668177805?
1
What is the millions digit of 111010708?
1
What is the tens digit of 1572733897?
9
What is the ten thousands digit of 348008984?
0
What is the hundred millions digit of 7083032178?
0
What is the billions digit of 2070322305?
2
What is the units digit of 34845656?
6
What is the hundreds digit of 163849189?
1
What is the ten thousands digit of 255094053?
9
What is the ten thousands digit of 4729475099?
7
What is the ten millions digit of 33279562?
3
What is the units digit of 249744953?
3
What is the hundreds digit of 39383942?
9
What is the units digit of 8890486387?
7
What is the hundreds digit of 211204180?
1
What is the ten millions digit of 309301974?
0
What is the hundreds digit of 86300489?
4
What is the hundred thousands digit of 1653640352?
6
What is the hundred millions digit of 135763494?
1
What is the hundreds digit of 344078552?
5
What is the ten thousands digit of 86485481?
8
What is the units digit of 399291280?
0
What is the hundred thousands digit of 3837823340?
8
What is the hundred millions digit of 260584349?
2
What is the hundred millions digit of 124958482?
1
What is the ten thousands digit of 303443195?
4
What is the units digit of 81778349?
9
What is the tens digit of 108237336?
3
What is the thousands digit of 91378324?
8
What is the ten thousands digit of 34722690?
2
What is the ten thousands digit of 1513153047?
5
What is the hundred millions digit of 181078806?
1
What is the thousands digit of 763396312?
6
What is the tens digit of 141631717?
1
What is the ten millions digit of 102767916?
0
What is the ten thousands digit of 92925402?
2
What is the millions digit of 532048777?
2
What is the hundred thousands digit of 721949514?
9
What is the thousands digit of 101168184?
8
What is the millions digit of 8723381?
8
What is the hundred millions digit of 1958561121?
9
What is the millions digit of 91635043?
1
What is the thousands digit of 40682427?
2
What is the ten millions digit of 224663971?
2
What is the hundred millions digit of 104150319?
1
What is the hundreds digit of 763676723?
7
What is the tens digit of 1473054337?
3
What is the hundred thousands digit of 114635608?
6
What is the hundred millions digit of 169400696?
1
What is the hundreds digit of 296969955?
9
What is the ten millions digit of 61730701?
6
What is the thousands digit of 111966413?
6
What is the tens digit of 261157399?
9
What is the millions digit of 3644172?
3
What is the millions digit of 168864351?
8
What is the hundreds digit of 591516349?
3
What is the hundreds digit of 3479525982?
9
What is the ten thousands digit of 132363870?
6
What is the units digit of 3558959821?
1
What is the millions digit of 650741031?
0
What is the ten millions digit of 20947664?
2
What is the units digit of 292429892?
2
What is the ten thousands digit of 573938156?
3
What is the millions digit of 403635295?
3
What is the units digit of 82036441?
1
What is the hundred thousands digit of 289282679?
2
What is the ten millions digit of 4213408435?
1
What is the hundred millions digit of 164849967?
1
What is the hundreds digit of 93499644?
6
What is the millions digit of 2506915853?
6
What is the hundreds digit of 28365905?
9
What is the millions digit of 2497913963?
7
What is the ten millions digit of 360338415?
6
What is the units digit of 579714243?
3
What is the millions digit of 572704328?
2
What is the millions digit of 122183486?
2
What is the ten thousands digit of 36027576?
2
What is the units digit of 453891919?
9
What is the hundred thousands digit of 248197913?
1
What is the units digit of 881771539?
9
What is the hundred thousands digit of 706713421?
7
What is the ten thousands digit of 598840228?
4
What is the millions digit of 616367599?
6
What is the hundreds digit of 1029035992?
9
What is the hundred thousands digit of 275500875?
5
What is the ten millions digit of 8987365144?
8
What is the ten millions digit of 475580526?
7
What is the units digit of 533043136?
6
What is the billions digit of 3723487630?
3
What is the millions digit of 34503528?
4
What is the thousands digit of 4431804026?
4
What is the tens digit of 61183647?
4
What is the ten millions digit of 4625904502?
2
What is the ten thousands digit of 572130561?
3
What is the hundred thousands digit of 35180001?
1
What is the ten thousands digit of 85814507?
1
What is the hundred millions digit of 3190413736?
1
What is the millions digit of 6645525701?
5
What is the millions digit of 61520567?
1
What is the tens digit of 96997608?
0
What is the thousands digit of 32454175?
4
What is the units digit of 1331589792?
2
What is the ten millions digit of 201298855?
0
What is the tens digit of 910189751?
5
What is the millions digit of 931288675?
1
What is the hundred millions digit of 399722014?
3
What is the ten millions digit of 42754354?
4
What is the ten thousands digit of 163818115?
1
What is the hundred thousands digit of 41502526?
5
What is the millions digit of 203570672?
3
What is the ten millions digit of 239737972?
3
What is the units digit of 14114750?
0
What is the hundreds digit of 6190713886?
8
What is the units digit of 100458173?
3
What is the hundred thousands digit of 51266590?
2
What is the millions digit of 845294395?
5
What is the units digit of 591701007?
7
What is the hundred millions digit of 710442069?
7
What is the ten thousands digit of 7929605762?
0
What is the millions digit of 1159695432?
9
What is the units digit of 4275545913?
3
What is the ten thousands digit of 1015530338?
3
What is the tens digit of 436031545?
4
What is the hundred millions digit of 342857079?
3
What is the units digit of 22057693?
3
What is the hundreds digit of 4330365?
3
What is the ten thousands digit of 110881682?
8
What is the hundreds digit of 40402254?
2
What is the units digit of 248319187?
7
What is the hundred thousands digit of 12845571?
8
What is the millions digit of 274525084?
4
What is the thousands digit of 1073578430?
8
What is the thousands digit of 47873795?
3
What is the ten thousands digit of 39253724?
5
What is the tens digit of 11418791?
9
What is the ten thousands digit of 21945041?
4
What is the thousands digit of 120432745?
2
What is the units digit of 46752151?
1
What is the millions digit of 1314443657?
4
What is the millions digit of 33831315?
3
What is the hundreds digit of 613972170?
1
What is the ten thousands digit of 52673190?
7
What is the hundreds digit of 1243318683?
6
What is the ten thousands digit of 591413219?
1
What is the hundred thousands digit of 257162980?
1
What is the millions digit of 23724427?
3
What is the billions digit of 2808579646?
2
What is the thousands digit of 151052264?
2
What is the thousands digit of 4140376895?
6
What is the billions digit of 4391331268?
4
What is the hundred millions digit of 2934800008?
9
What is the millions digit of 27717302?
7
What is the hundred thousands digit of 109238910?
2
What is the ten thousands digit of 204277863?
7
What is the hundreds digit of 108809401?
4
What is the hundred thousands digit of 19939981?
9
What is the hundreds digit of 1437950362?
3
What is the ten thousands digit of 39882445?
8
What is the thousands digit of 1133182632?
2
What is the hundred millions digit of 1805756146?
8
What is the units digit of 499795?
5
What is the ten thousands digit of 517925418?
2
What is the ten thousands digit of 435696311?
9
What is the hundred millions digit of 393985637?
3
What is the hundred thousands digit of 25850320?
8
What is the ten millions digit of 663512454?
6
What is the hundred thousands digit of 1796757632?
7
What is the tens digit of 137161